{"id":79,"date":"2025-02-15T13:59:37","date_gmt":"2025-02-15T12:59:37","guid":{"rendered":"https:\/\/www.futbalofz.sk\/?page_id=79"},"modified":"2026-04-13T15:44:06","modified_gmt":"2026-04-13T13:44:06","slug":"bez-nazvu","status":"publish","type":"page","link":"https:\/\/www.futbalofz.sk\/index.php\/bez-nazvu\/","title":{"rendered":"Kontakty"},"content":{"rendered":"<p><strong><u>Oravsk\u00fd futbalov\u00fd zv\u00e4z<br \/><\/u>I\u010cO: 35993375\u00a0<\/strong><\/p>\n<p>Ulica \u0161portovcov 1181\/3, 026 01 Doln\u00fd Kub\u00edn<br \/>Bankov\u00e9 spojenie:<br \/>V\u00daB a.s., pobo\u010dka Doln\u00fd Kub\u00edn<br \/>\u010d. \u00fa\u010dtu: SK06 0200 0000 0031 5181 3758<br \/>e-mail: <a href=\"mailto:futbal@futbalofz.sk\">futbal@futbalofz.sk<\/a><br \/>web. str\u00e1nka: <a href=\"http:\/\/www.futbalofz.sk\">www.futbalofz.sk<\/a><\/p>\n<p><strong><u>Predseda OFZ:<\/u><\/strong> <br \/>Ing. Andrej STA\u0160INIAK<br \/>+421 918 686 812<br \/><a href=\"mailto:astasiniak@gmail.com\">astasiniak@gmail.com<\/a><\/p>\n<p><strong><u>Sekretari\u00e1t + matrika:<\/u><\/strong> <br \/>Mgr. Franti\u0161ek SLAMEN\u00cdK<br \/>+421 911 691 900, +421 907 237 825<br \/><a href=\"mailto:fslamenik@gmail.com\"><em>futbal@futbalofz.sk , <\/em>fslamenik@gmail.com<\/a><\/p>\n<p><strong><u>V\u00fdkonn\u00fd V\u00fdbor OFZ:<\/u><\/strong><br \/>Juraj FERANEC, +421 919 075 005, <a href=\"mailto:juraj.feranec@gmail.com\">juraj.feranec@gmail.com<\/a><br \/>Mgr. J\u00e1n KUBOLEK, +421 918 783 858, <a href=\"mailto:jkubolek@gmail.com\">jkubolek@gmail.com<\/a><br \/>Martin FILEK, +421 905 927 801, <a href=\"mailto:penzin.filek@gmail.com\">penzin.filek@gmail.com<\/a><br \/>Michal \u017dELEZ\u0147\u00c1K, +421 915 588 679, <a href=\"mailto:michal.zeleznak@gmail.com\">michal.zeleznak@gmail.com<\/a><\/p>\n<p><strong><u>\u0160portovo-technick\u00e1 komisia (\u0160TK):<\/u><\/strong><br \/>Juraj FERANEC, +421 919 075 005, <a href=\"mailto:juraj.feranec@gmail.com\">juraj.feranec@gmail.com<\/a><br \/>Jozef PONI\u0160TIAK, +421 903 419 924, <a href=\"mailto:jozefponistiak@gmail.com\">jozefponistiak@gmail.com<\/a><\/p>\n<p><strong><u>Disciplin\u00e1rna komisia (DK):<\/u><\/strong><br \/>Juraj SIMAN, +421 903 190 287, <a href=\"mailto:jurajsiman204@gmail.com\">jurajsiman204@gmail.com<\/a><br \/>Ing. Ladislav BABINSK\u00dd, +421 911 080 566, <a href=\"mailto:Laco.Babinsky@gmail.com\">laco.babinsky@gmail.com<\/a><\/p>\n<p><strong><u>Tr\u00e9nersko-metodick\u00e1 komisia (TMK):<\/u><\/strong><br \/>Martin FILEK, +421 905 927 801, <a href=\"mailto:penzin.filek@gmail.com\">penzin.filek@gmail.com<\/a><br \/>Mgr. Tom\u00e1\u0161 SMATAN\u00cdK, +421 907 793 478, <a href=\"mailto:smatanik.tomas@orava.sk\">smatanik.tomas@orava.sk<\/a><br \/>Andrej BR\u010c\u00c1K, +421 902 702 640, <a href=\"mailto:andrej.brcak@fknizna.sk\">andrej.brcak@fknizna.sk<\/a><\/p>\n<p><strong><u>Komisia rozhodcov (KR):<\/u><\/strong><br \/>Michal \u017dELEZ\u0147\u00c1K, +421 915 588 679, <a href=\"mailto:michal.zeleznak@gmail.com\">michal.zeleznak@gmail.com<\/a><br \/>Mat\u00fa\u0161 GEROREC, +421 944 406 046, <a href=\"mailto:matusgregorec7@gmail.com\">matusgregorec7@gmail.com<\/a><br \/>Petra VAJDE\u010cKOV\u00c1, +421 948 595 607, <a href=\"mailto:p.lepackova@gmail.com\">p.lepackova@gmail.com<\/a><br \/>Michal GREGOREC, +421 944 089 807, <a href=\"mailto:m.gregorec@centrum.sk\">m.gregorec@centrum.sk<\/a><br \/>Milan JAN\u010cO, +421 907 569 848, <a href=\"mailto:janco.milan@post.sk\"><span id=\"email\">janco.milan@post.sk<\/span><\/a><\/p>\n<p><strong><u>Odvolacia komisia (OK)<\/u>:<\/strong><br \/>Mgr. Stanislav KORMA\u0147\u00c1K, +421 905 992 456, <a href=\"mailto:s.kormanak@gmail.com\">s.kormanak@gmail.com<\/a><\/p>\n<p><strong><u>Hospod\u00e1rska komisia (HK):<\/u><\/strong><br \/>Mgr. J\u00e1n KUBOLEK, +421 918 783 858, <a href=\"mailto:jkubolek@gmail.com\">jkubolek@gmail.com<\/a><\/p>\n<p><strong><u>Stredoslovensk\u00fd futbalov\u00fd zv\u00e4z<\/u><\/strong><\/p>\n<p>Partiz\u00e1nska cesta 93, P.O.Box 157, 975 84 Bansk\u00e1 Bystrica<br \/>Bankov\u00e9 spojenie:<br \/>Slovensk\u00e1 sporite\u013e\u0148a<br \/>\u010d. \u00fa\u010dtu: SK97 0900 0000 0000 5019 2944<br \/>Telef\u00f3nne \u010d\u00edsla:<br \/>ved\u00faci sekret\u00e1r:\u00a0Ing. Michaela Potan\u010dokov\u00e1<br \/>mobil: 0903 584 383<br \/>region\u00e1lny tr\u00e9ner : PaedDr. Peter \u0160tefa\u0148\u00e1k<br \/>mobil: 0902 937 058<br \/>e-mail: <a href=\"mailto:futbal@ssfz.sk\">futbal@ssfz.sk<\/a><br \/>web. str\u00e1nka: <a href=\"http:\/\/www.ssfz.sk\">www.ssfz.sk<\/a><\/p>\n<p><strong><u>Slovensk\u00fd futbalov\u00fd zv\u00e4z<\/u><\/strong><\/p>\n<p>Tom\u00e1\u0161ikova 30 C, 821 01 BRATISLAVA<br \/>Bankov\u00e9 spojenie:<br \/>Slovensk\u00e1 sporite\u013e\u0148a, a.s.<br \/>\u010d. \u00fa\u010dtu SK19 0900 0000 0050 5246 9313<br \/>Telef\u00f3nne \u010d\u00edsla:<br \/>Sekretari\u00e1t: 02\/ 48206000<br \/>Prezident: 02\/ 48206001<br \/>Gener\u00e1lny sekret\u00e1r: 02\/ 48206002<br \/>e-mail: <a href=\"mailto:office@futbalsfz.sk\">office@futbalsfz.sk<\/a><br \/>web. str\u00e1nka: <a href=\"http:\/\/www.futbalsfz.sk\">www.futbalsfz.sk<\/a><\/p>\n\n\n<p><\/p>\n","protected":false},"excerpt":{"rendered":"<p>Oravsk\u00fd futbalov\u00fd zv\u00e4zI\u010cO: 35993375\u00a0 Ulica \u0161portovcov 1181\/3, 026 01 Doln\u00fd Kub\u00ednBankov\u00e9 spojenie:V\u00daB a.s., pobo\u010dka Doln\u00fd Kub\u00edn\u010d. &hellip; <a title=\"Kontakty\" class=\"hm-read-more\" href=\"https:\/\/www.futbalofz.sk\/index.php\/bez-nazvu\/\"><span class=\"screen-reader-text\">Kontakty<\/span>Read more<\/a><\/p>\n","protected":false},"author":4,"featured_media":0,"parent":0,"menu_order":0,"comment_status":"closed","ping_status":"closed","template":"","meta":{"footnotes":""},"class_list":["post-79","page","type-page","status-publish","hentry"],"_links":{"self":[{"href":"https:\/\/www.futbalofz.sk\/index.php\/wp-json\/wp\/v2\/pages\/79","targetHints":{"allow":["GET"]}}],"collection":[{"href":"https:\/\/www.futbalofz.sk\/index.php\/wp-json\/wp\/v2\/pages"}],"about":[{"href":"https:\/\/www.futbalofz.sk\/index.php\/wp-json\/wp\/v2\/types\/page"}],"author":[{"embeddable":true,"href":"https:\/\/www.futbalofz.sk\/index.php\/wp-json\/wp\/v2\/users\/4"}],"replies":[{"embeddable":true,"href":"https:\/\/www.futbalofz.sk\/index.php\/wp-json\/wp\/v2\/comments?post=79"}],"version-history":[{"count":20,"href":"https:\/\/www.futbalofz.sk\/index.php\/wp-json\/wp\/v2\/pages\/79\/revisions"}],"predecessor-version":[{"id":2698,"href":"https:\/\/www.futbalofz.sk\/index.php\/wp-json\/wp\/v2\/pages\/79\/revisions\/2698"}],"wp:attachment":[{"href":"https:\/\/www.futbalofz.sk\/index.php\/wp-json\/wp\/v2\/media?parent=79"}],"curies":[{"name":"wp","href":"https:\/\/api.w.org\/{rel}","templated":true}]}}