{"id":2739,"date":"2026-04-16T20:13:48","date_gmt":"2026-04-16T18:13:48","guid":{"rendered":"https:\/\/www.futbalofz.sk\/?page_id=2739"},"modified":"2026-04-16T20:27:19","modified_gmt":"2026-04-16T18:27:19","slug":"uradna-sprava-c-4-zo-dna-15-04-2026","status":"publish","type":"page","link":"https:\/\/www.futbalofz.sk\/index.php\/uradna-sprava-c-4-zo-dna-15-04-2026\/","title":{"rendered":"\u00daradn\u00e1 spr\u00e1va \u010d. 4 zo d\u0148a 15.04.2026"},"content":{"rendered":"\n<div data-wp-interactive=\"core\/file\" class=\"wp-block-file\"><object data-wp-bind--hidden=\"!state.hasPdfPreview\" hidden class=\"wp-block-file__embed\" data=\"https:\/\/www.futbalofz.sk\/wp-content\/uploads\/2026\/04\/Uradna-sprava-c.-4-z-15.4.2026-1.pdf\" type=\"application\/pdf\" style=\"width:100%;height:600px\" aria-label=\"Vlo\u017ei\u0165 \u00daradn\u00e1 spr\u00e1va \u010d. 4 z 15.4.2026.\"><\/object><a id=\"wp-block-file--media-f2c603cb-bb79-46d3-bfb3-891af8290284\" href=\"https:\/\/www.futbalofz.sk\/wp-content\/uploads\/2026\/04\/Uradna-sprava-c.-4-z-15.4.2026-1.pdf\">\u00daradn\u00e1 spr\u00e1va \u010d. 4 z 15.4.2026<\/a><a href=\"https:\/\/www.futbalofz.sk\/wp-content\/uploads\/2026\/04\/Uradna-sprava-c.-4-z-15.4.2026-1.pdf\" class=\"wp-block-file__button wp-element-button\" download aria-describedby=\"wp-block-file--media-f2c603cb-bb79-46d3-bfb3-891af8290284\">Stiahnu\u0165<\/a><\/div>\n","protected":false},"excerpt":{"rendered":"","protected":false},"author":4,"featured_media":0,"parent":0,"menu_order":0,"comment_status":"closed","ping_status":"closed","template":"","meta":{"footnotes":""},"class_list":["post-2739","page","type-page","status-publish","hentry"],"_links":{"self":[{"href":"https:\/\/www.futbalofz.sk\/index.php\/wp-json\/wp\/v2\/pages\/2739","targetHints":{"allow":["GET"]}}],"collection":[{"href":"https:\/\/www.futbalofz.sk\/index.php\/wp-json\/wp\/v2\/pages"}],"about":[{"href":"https:\/\/www.futbalofz.sk\/index.php\/wp-json\/wp\/v2\/types\/page"}],"author":[{"embeddable":true,"href":"https:\/\/www.futbalofz.sk\/index.php\/wp-json\/wp\/v2\/users\/4"}],"replies":[{"embeddable":true,"href":"https:\/\/www.futbalofz.sk\/index.php\/wp-json\/wp\/v2\/comments?post=2739"}],"version-history":[{"count":2,"href":"https:\/\/www.futbalofz.sk\/index.php\/wp-json\/wp\/v2\/pages\/2739\/revisions"}],"predecessor-version":[{"id":2746,"href":"https:\/\/www.futbalofz.sk\/index.php\/wp-json\/wp\/v2\/pages\/2739\/revisions\/2746"}],"wp:attachment":[{"href":"https:\/\/www.futbalofz.sk\/index.php\/wp-json\/wp\/v2\/media?parent=2739"}],"curies":[{"name":"wp","href":"https:\/\/api.w.org\/{rel}","templated":true}]}}