{"id":268,"date":"2025-02-20T17:14:01","date_gmt":"2025-02-20T16:14:01","guid":{"rendered":"https:\/\/www.futbalofz.sk\/?page_id=268"},"modified":"2025-02-20T17:14:01","modified_gmt":"2025-02-20T16:14:01","slug":"zavazne-pokyny-pre-rozhodcov-a-clenov-fk","status":"publish","type":"page","link":"https:\/\/www.futbalofz.sk\/index.php\/zavazne-pokyny-pre-rozhodcov-a-clenov-fk\/","title":{"rendered":"Z\u00e1v\u00e4zn\u00e9 pokyny pre rozhodcov a \u010dlenov FK"},"content":{"rendered":"\n<div data-wp-interactive=\"core\/file\" class=\"wp-block-file\"><object data-wp-bind--hidden=\"!state.hasPdfPreview\" hidden class=\"wp-block-file__embed\" data=\"https:\/\/www.futbalofz.sk\/wp-content\/uploads\/2025\/02\/zp_1.pdf\" type=\"application\/pdf\" style=\"width:100%;height:1171px\" aria-label=\"Vlo\u017ei\u0165 zp_1.\"><\/object><a id=\"wp-block-file--media-e42fca5f-3cd5-4387-9366-844ad90ffd94\" href=\"https:\/\/www.futbalofz.sk\/wp-content\/uploads\/2025\/02\/zp_1.pdf\">zp_1<\/a><a href=\"https:\/\/www.futbalofz.sk\/wp-content\/uploads\/2025\/02\/zp_1.pdf\" class=\"wp-block-file__button wp-element-button\" download aria-describedby=\"wp-block-file--media-e42fca5f-3cd5-4387-9366-844ad90ffd94\">Stiahnu\u0165<\/a><\/div>\n","protected":false},"excerpt":{"rendered":"","protected":false},"author":4,"featured_media":0,"parent":0,"menu_order":0,"comment_status":"closed","ping_status":"closed","template":"","meta":{"footnotes":""},"class_list":["post-268","page","type-page","status-publish","hentry"],"_links":{"self":[{"href":"https:\/\/www.futbalofz.sk\/index.php\/wp-json\/wp\/v2\/pages\/268","targetHints":{"allow":["GET"]}}],"collection":[{"href":"https:\/\/www.futbalofz.sk\/index.php\/wp-json\/wp\/v2\/pages"}],"about":[{"href":"https:\/\/www.futbalofz.sk\/index.php\/wp-json\/wp\/v2\/types\/page"}],"author":[{"embeddable":true,"href":"https:\/\/www.futbalofz.sk\/index.php\/wp-json\/wp\/v2\/users\/4"}],"replies":[{"embeddable":true,"href":"https:\/\/www.futbalofz.sk\/index.php\/wp-json\/wp\/v2\/comments?post=268"}],"version-history":[{"count":1,"href":"https:\/\/www.futbalofz.sk\/index.php\/wp-json\/wp\/v2\/pages\/268\/revisions"}],"predecessor-version":[{"id":270,"href":"https:\/\/www.futbalofz.sk\/index.php\/wp-json\/wp\/v2\/pages\/268\/revisions\/270"}],"wp:attachment":[{"href":"https:\/\/www.futbalofz.sk\/index.php\/wp-json\/wp\/v2\/media?parent=268"}],"curies":[{"name":"wp","href":"https:\/\/api.w.org\/{rel}","templated":true}]}}