{"id":2339,"date":"2026-02-19T21:59:27","date_gmt":"2026-02-19T20:59:27","guid":{"rendered":"https:\/\/www.futbalofz.sk\/?page_id=2339"},"modified":"2026-03-13T14:27:25","modified_gmt":"2026-03-13T13:27:25","slug":"konferencia-ofz-26-02-2026","status":"publish","type":"page","link":"https:\/\/www.futbalofz.sk\/index.php\/konferencia-ofz-26-02-2026\/","title":{"rendered":"Konferencia OFZ 26.2.2026"},"content":{"rendered":"\n<div class=\"wp-block-file\"><a id=\"wp-block-file--media-0dce2488-2d1b-44b6-ba5c-2f151ed035cd\" href=\"https:\/\/www.futbalofz.sk\/wp-content\/uploads\/2026\/02\/Oznamenie-o-konani-mimoriadnej-Konferencie-OFZ.docx\">Oznamenie-o-konani-mimoriadnej-Konferencie-OFZ<\/a><a href=\"https:\/\/www.futbalofz.sk\/wp-content\/uploads\/2026\/02\/Oznamenie-o-konani-mimoriadnej-Konferencie-OFZ.docx\" class=\"wp-block-file__button wp-element-button\" download aria-describedby=\"wp-block-file--media-0dce2488-2d1b-44b6-ba5c-2f151ed035cd\">Stiahnu\u0165<\/a><\/div>\n\n\n\n<div class=\"wp-block-file\"><a id=\"wp-block-file--media-5e12bc26-c112-489e-af9f-e704adcd27b6\" href=\"https:\/\/www.futbalofz.sk\/wp-content\/uploads\/2026\/02\/Navrh-programu-Konferencie-OFZ.docx\">Navrh-programu-Konferencie-OFZ<\/a><a href=\"https:\/\/www.futbalofz.sk\/wp-content\/uploads\/2026\/02\/Navrh-programu-Konferencie-OFZ.docx\" class=\"wp-block-file__button wp-element-button\" download aria-describedby=\"wp-block-file--media-5e12bc26-c112-489e-af9f-e704adcd27b6\">Stiahnu\u0165<\/a><\/div>\n\n\n\n<div data-wp-interactive=\"core\/file\" class=\"wp-block-file\"><object data-wp-bind--hidden=\"!state.hasPdfPreview\" hidden class=\"wp-block-file__embed\" data=\"https:\/\/www.futbalofz.sk\/wp-content\/uploads\/2026\/02\/Uznesenia_26_02.pdf\" type=\"application\/pdf\" style=\"width:100%;height:600px\" aria-label=\"Vlo\u017ei\u0165 Uznesenia_26_02.\"><\/object><a id=\"wp-block-file--media-9d6e5c0e-5658-4ea0-9f6f-40aa9824e836\" href=\"https:\/\/www.futbalofz.sk\/wp-content\/uploads\/2026\/02\/Uznesenia_26_02.pdf\">Uznesenia_26_02<\/a><a href=\"https:\/\/www.futbalofz.sk\/wp-content\/uploads\/2026\/02\/Uznesenia_26_02.pdf\" class=\"wp-block-file__button wp-element-button\" download aria-describedby=\"wp-block-file--media-9d6e5c0e-5658-4ea0-9f6f-40aa9824e836\">Stiahnu\u0165<\/a><\/div>\n\n\n\n<div class=\"wp-block-file\"><a id=\"wp-block-file--media-f739a1a2-e0fc-4113-ac68-8da20a9b383c\" href=\"https:\/\/www.futbalofz.sk\/wp-content\/uploads\/2026\/03\/Zapisnica-z-mimoriadnej-konferencie-OFZ-26.02.2026.docx\">Z\u00e1pisnica z mimoriadnej konferencie OFZ 26.02.2026<\/a><a href=\"https:\/\/www.futbalofz.sk\/wp-content\/uploads\/2026\/03\/Zapisnica-z-mimoriadnej-konferencie-OFZ-26.02.2026.docx\" class=\"wp-block-file__button wp-element-button\" download aria-describedby=\"wp-block-file--media-f739a1a2-e0fc-4113-ac68-8da20a9b383c\">Stiahnu\u0165<\/a><\/div>\n\n\n\n<div data-wp-interactive=\"core\/file\" class=\"wp-block-file\"><object data-wp-bind--hidden=\"!state.hasPdfPreview\" hidden class=\"wp-block-file__embed\" data=\"https:\/\/www.futbalofz.sk\/wp-content\/uploads\/2026\/03\/navrh_zmena_stanov.pdf\" type=\"application\/pdf\" style=\"width:100%;height:600px\" aria-label=\"Vlo\u017ei\u0165 n\u00e1vrh_zmena_stanov.\"><\/object><a id=\"wp-block-file--media-88c81131-0b61-4e82-ae6c-d18ba7de7fd7\" href=\"https:\/\/www.futbalofz.sk\/wp-content\/uploads\/2026\/03\/navrh_zmena_stanov.pdf\">n\u00e1vrh_zmena_stanov<\/a><a href=\"https:\/\/www.futbalofz.sk\/wp-content\/uploads\/2026\/03\/navrh_zmena_stanov.pdf\" class=\"wp-block-file__button wp-element-button\" download aria-describedby=\"wp-block-file--media-88c81131-0b61-4e82-ae6c-d18ba7de7fd7\">Stiahnu\u0165<\/a><\/div>\n","protected":false},"excerpt":{"rendered":"","protected":false},"author":4,"featured_media":0,"parent":0,"menu_order":0,"comment_status":"closed","ping_status":"closed","template":"","meta":{"footnotes":""},"class_list":["post-2339","page","type-page","status-publish","hentry"],"_links":{"self":[{"href":"https:\/\/www.futbalofz.sk\/index.php\/wp-json\/wp\/v2\/pages\/2339","targetHints":{"allow":["GET"]}}],"collection":[{"href":"https:\/\/www.futbalofz.sk\/index.php\/wp-json\/wp\/v2\/pages"}],"about":[{"href":"https:\/\/www.futbalofz.sk\/index.php\/wp-json\/wp\/v2\/types\/page"}],"author":[{"embeddable":true,"href":"https:\/\/www.futbalofz.sk\/index.php\/wp-json\/wp\/v2\/users\/4"}],"replies":[{"embeddable":true,"href":"https:\/\/www.futbalofz.sk\/index.php\/wp-json\/wp\/v2\/comments?post=2339"}],"version-history":[{"count":8,"href":"https:\/\/www.futbalofz.sk\/index.php\/wp-json\/wp\/v2\/pages\/2339\/revisions"}],"predecessor-version":[{"id":2398,"href":"https:\/\/www.futbalofz.sk\/index.php\/wp-json\/wp\/v2\/pages\/2339\/revisions\/2398"}],"wp:attachment":[{"href":"https:\/\/www.futbalofz.sk\/index.php\/wp-json\/wp\/v2\/media?parent=2339"}],"curies":[{"name":"wp","href":"https:\/\/api.w.org\/{rel}","templated":true}]}}