{"id":215,"date":"2025-02-19T18:20:47","date_gmt":"2025-02-19T17:20:47","guid":{"rendered":"https:\/\/www.futbalofz.sk\/?page_id=215"},"modified":"2026-03-30T20:57:31","modified_gmt":"2026-03-30T18:57:31","slug":"rozpis-sutazi","status":"publish","type":"page","link":"https:\/\/www.futbalofz.sk\/index.php\/rozpis-sutazi\/","title":{"rendered":"Rozpis s\u00fa\u0165a\u017e\u00ed &#8211; sez\u00f3na 25\/26"},"content":{"rendered":"\n<div class=\"wp-block-group is-layout-grid wp-container-core-group-is-layout-baef362d wp-block-group-is-layout-grid\">\n<p class=\"wp-container-content-5e2576f9\">Rozpis s\u00fa\u0165a\u017e\u00ed 2025\/2026<\/p>\n\n\n\n<div class=\"wp-block-file wp-container-content-5e2576f9\"><a id=\"wp-block-file--media-8572546b-e31a-40a2-bedc-be14fae6ce9d\" href=\"https:\/\/www.futbalofz.sk\/wp-content\/uploads\/2025\/08\/Oravsky-futbalovy-zvaz_2025.pdf\">Oravsk\u00fd futbalov\u00fd zv\u00e4z_2025<\/a><a href=\"https:\/\/www.futbalofz.sk\/wp-content\/uploads\/2025\/08\/Oravsky-futbalovy-zvaz_2025.pdf\" class=\"wp-block-file__button wp-element-button\" download aria-describedby=\"wp-block-file--media-8572546b-e31a-40a2-bedc-be14fae6ce9d\">Stiahnu\u0165<\/a><\/div>\n<\/div>\n\n\n\n<p><\/p>\n","protected":false},"excerpt":{"rendered":"<p>Rozpis s\u00fa\u0165a\u017e\u00ed 2025\/2026<\/p>\n","protected":false},"author":4,"featured_media":0,"parent":0,"menu_order":0,"comment_status":"closed","ping_status":"closed","template":"","meta":{"footnotes":""},"class_list":["post-215","page","type-page","status-publish","hentry"],"_links":{"self":[{"href":"https:\/\/www.futbalofz.sk\/index.php\/wp-json\/wp\/v2\/pages\/215","targetHints":{"allow":["GET"]}}],"collection":[{"href":"https:\/\/www.futbalofz.sk\/index.php\/wp-json\/wp\/v2\/pages"}],"about":[{"href":"https:\/\/www.futbalofz.sk\/index.php\/wp-json\/wp\/v2\/types\/page"}],"author":[{"embeddable":true,"href":"https:\/\/www.futbalofz.sk\/index.php\/wp-json\/wp\/v2\/users\/4"}],"replies":[{"embeddable":true,"href":"https:\/\/www.futbalofz.sk\/index.php\/wp-json\/wp\/v2\/comments?post=215"}],"version-history":[{"count":4,"href":"https:\/\/www.futbalofz.sk\/index.php\/wp-json\/wp\/v2\/pages\/215\/revisions"}],"predecessor-version":[{"id":2609,"href":"https:\/\/www.futbalofz.sk\/index.php\/wp-json\/wp\/v2\/pages\/215\/revisions\/2609"}],"wp:attachment":[{"href":"https:\/\/www.futbalofz.sk\/index.php\/wp-json\/wp\/v2\/media?parent=215"}],"curies":[{"name":"wp","href":"https:\/\/api.w.org\/{rel}","templated":true}]}}